 -b - 4*t. Let r be b/(-35) - 1/7. Suppose 0 = r*k + 3*k - 25. What are the prime factors of k?
5
Let j(g) = 6*g - 35. Let h be j(7). Let i(f) = f - 4. Let m be i(h). Suppose m*a = -2*a + 3*r + 475, 3*a - 285 = -3*r. What are the prime factors of a?
5, 19
List the prime factors of (3 - 1 - -8741) + (-55)/33*-3.
2, 3
Let l(t) = -486*t + 22010. What are the prime factors of l(0)?
2, 5, 31, 71
Let g(t) = -54*t + 8. Let v be g(3). Let n = v + 230. List the prime factors of n.
2, 19
Let w(q) = -1606*q - 1528. What are the prime factors of w(-6)?
2, 2027
Let y(p) = 360*p - 167. What are the prime factors of y(15)?
5233
Suppose -10*s + 137759 = -46086 - 12835. List the prime factors of s.
2, 3, 11, 149
Let u(f) = -4*f**3 + 5*f**2 - 2*f + 14. Let r = 96 + -101. List the prime factors of u(r).
11, 59
Suppose 38*q - 316464 = -92*q + 16*q. What are the prime factors of q?
2, 347
Let z(u) = u. Let x be z(-33). Let d(t) = t**3 + 33*t**2 - 29*t + 4. What are the prime factors of d(x)?
31
Suppose -1136 = -2*y - 2*s - 194, -5*y + 2355 = -4*s. Suppose -y = -4*u + 105. What are the prime factors of u?
2, 3
Let a = 2590 - 1150. What are the prime factors of a?
2, 3, 5
Let p(g) = -g**3 - 8*g**2 - 6*g + 10. Let v be p(-7). Suppose v*j - 2*j - 488 = -4*a, -a = 5*j - 2383. Suppose -x - j = -5*x. List the prime factors of x.
7, 17
Let d be (-6)/(-4) - ((-9)/6 + 3). Let o be d*(-4)/8*1. Suppose 4*r + o*r + u - 255 = 0, -3*r = u - 191. What are the prime factors of r?
2
Suppose -5*f + 14*h - 6570 = 11*h, -2*f + 4*h = 2614. Let j = 1845 + f. List the prime factors of j.
2, 3, 11
Let w(g) = -5*g - 14. Let c be w(-4). Let b be c*(-11)/(-15) + 2/(-5). Suppose -3*y = -8*y - 4*r + 304, 4*y + b*r = 240. What are the prime factors of y?
2
Suppose 3*i + 38 = -13. Let u(n) = 10*n - 30. Let r(f) = -30*f + 90. Let t(z) = i*u(z) - 6*r(z). List the prime factors of t(10).
2, 5, 7
Let f(z) be the first derivative of z**4/4 - z**3 - z**2/2 - z + 14. Let t be f(3). List the prime factors of 128/4 - (t - -3).
3, 11
Let u = 1957 + -1956. Let t(v) be the third derivative of 8*v**6/15 + v**3/6 + v**2. List the prime factors of t(u).
5, 13
Let b(f) = 31*f**3 + 50*f**2 - 7*f + 2. What are the prime factors of b(5)?
2, 19, 67
Let h(r) = -56*r**3 + 5*r**2 - 11*r - 30. What are the prime factors of h(-5)?
2, 5, 11, 13
Let u = 36 - 34. Suppose -u*q + 3*p = -110 - 281, -p = 3*q - 581. List the prime factors of q.
2, 97
Suppose 0 = 21*x - 27*x + 636. List the prime factors of 21/30*x + 10/(-50).
2, 37
Suppose -32*c = -84*c + 1160224. What are the prime factors of c?
2, 2789
Let n(c) = -153*c - 3901. List the prime factors of n(-31).
2, 421
Suppose 85*v - 84*v - 3*h - 5378 = 0, -4*v = 4*h - 21496. List the prime factors of v.
5, 43
Let m(i) = 305*i + 1155. List the prime factors of m(45).
2, 3, 5, 31
Let m(q) = -q**3 + 14*q**2 + 20*q - 28. Let t(v) = v**2 + v + 70. Let k be t(0). Suppose -4*l - 10 = -k. What are the prime factors of m(l)?
47
Let j(p) = 18*p**3 - 126*p**3 + p**3 - 6*p**2 + 5*p**2 - p. List the prime factors of j(-1).
107
Let l = 916 + 1087. What are the prime factors of l?
2003
Suppose 739*s - 5*c - 25477 = 738*s, 0 = 5*s + 5*c - 127325. What are the prime factors of s?
3, 13, 653
Suppose f = 2*f - 2. Suppose i = -4*u - 13, -5*i + 24 = -u + 5. Suppose 273 = i*t - 3*z, -5*t - z + 281 = -f*t. List the prime factors of t.
3, 31
Let k = 1 + 2. Let s(c) = -c**3 + c**2 + 12*c + 18. Let h be s(-2). What are the prime factors of k + (47 - (-4 + h))?
2, 3
Suppose 5*i + 21 - 46 = 0. Suppose -f + 2 = -5*h - 43, 0 = h + i. Let y(k) = -k**3 + 19*k**2 + 23*k + 31. List the prime factors of y(f).
7, 13
Let s = 48 - 44. Suppose s*l + 1932 = -3*l. What are the prime factors of l/(-9) + -2 - (-4)/12?
29
Suppose 0 = 5*t + 3*y - 12168, 293*y = -3*t + 297*y + 7266. What are the prime factors of t?
2, 3, 5
Let c(j) = 2*j - 6. Let d = 49 + -43. Let a be c(d). Suppose -6*t + a = -3*t. What are the prime factors of t?
2
Let c(v) = 184*v - 22. Let h(z) = -z**2 - 12*z + 2. Let s be h(-12). List the prime factors of c(s).
2, 173
Let x(s) = -8*s + 13*s**2 - 4 - 10*s**2 + 2. Let w be x(6). Let q = w + -18. List the prime factors of q.
2, 5
Let u be (-2 - (-7539)/(-7)) + -4. Let g = u + 1815. List the prime factors of g.
2, 3, 61
Let j be (9 - 3)/((-4)/46). Let q = j + 73. Suppose 0 = q*x - 3*x - 156. List the prime factors of x.
2, 3, 13
Let r = -6 + 9. Suppose 5*p + 5*x + 20 = 10, 2*p + 3*x + 6 = 0. Suppose p = -r*f - 2*f + 685. List the prime factors of f.
137
Let z(w) = -27*w**2 - 32*w - 3. Let m(t) = 2*t + 1. Let p(d) = -3*m(d) - z(d). What are the prime factors of p(-5)?
5, 109
Let c(f) = f**2 + 4*f - 28. Let p be c(26). Suppose 0 = 16*i - p - 3744. What are the prime factors of i?
281
Let c(n) = -n + 7. Let m be c(7). Let i be (-2)/(-2)*1/((-5)/(-50)*1). Suppose -i*q + 118 + 172 = m. What are the prime factors of q?
29
Let s be 515*(32/20 - 2). Let l = 554 - s. List the prime factors of l.
2, 5, 19
Suppose -o + 242 = 2*o - 5*j, 4*o - 338 = -j. Let t = -132 + o. Let w = t + 116. List the prime factors of w.
2, 17
Suppose 18540 = h + q - 835, -3*q + 38748 = 2*h. What are the prime factors of h?
3, 2153
Let n(l) = 39*l - 1222. What are the prime factors of n(64)?
2, 7, 13
Let o = -34 - -51. Let z(p) = 23*p - 80. List the prime factors of z(o).
311
Let u(x) = 46*x + 453. Let b(h) = 3. Let a(v) = -4*b(v) - u(v). List the prime factors of a(-22).
547
Let l(t) = 1102*t**2 - 100*t + 634. List the prime factors of l(9).
2, 19, 1171
Let m(w) = 4*w**3 + w**2 - 1. Let a be m(1). Suppose -60*g = -27 - 93. Suppose a*c = g*c + 16. List the prime factors of c.
2
Let r(o) = 21*o**2 - 260*o - 245. List the prime factors of r(43).
2, 13, 17, 31
Suppose 102*y - 128*y + 122044 = 0. What are the prime factors of y?
2, 2347
Let b = 3495 + 13587. What are the prime factors of b?
2, 3, 13, 73
Suppose -5*k + 50 = 75, -5*k + 54167 = 4*o. List the prime factors of o.
2, 3, 1129
Let a = -18 - -25. Suppose -a*i = -1952 - 1366. List the prime factors of i.
2, 3, 79
Suppose 8077 = o - 3*m, m + 3825 = o - 4254. What are the prime factors of o?
2, 5, 101
Let r = 29563 + -15592. What are the prime factors of r?
3, 4657
Let i(o) = -44*o**2 - 1638*o + 95. What are the prime factors of i(-27)?
5, 31, 79
Let q be (60/33 - (-4)/22)*16. Suppose 318 = 10*s - q. What are the prime factors of s?
5, 7
Let s = 131 - 129. Suppose -34 = -q - s*j + 325, -q + 5*j + 338 = 0. Suppose 5*b - q = -3*l, -3*b - 263 + 878 = 5*l. List the prime factors of l.
2, 3, 7
Let k(l) = 2*l**2 - 4*l**2 - 48 + 4 + 3*l**2 + l. Let a be k(-7). What are the prime factors of 2496/(-44)*-3 - a/(-11)?
2, 5, 17
Suppose 0 = 9*w + 123 - 267. Suppose 0*o = -w*o + 1152. What are the prime factors of o?
2, 3
Suppose 2035 = 2*s + 3*n, -3*s - 2*s = n - 5094. Let j = 1575 - s. Suppose 5*p = 4*t + p - j, 4*p + 151 = t. List the prime factors of t.
3, 5
Let x = 64 - -11235. What are the prime factors of x?
11299
Suppose -5*c - 16*y + 12*y + 83087 = 0, -24 = -3*y. List the prime factors of c.
3, 7, 113
Let z(l) = -5*l**3 + 87*l**2 + 175*l + 28. What are the prime factors of z(-17)?
3, 11, 13, 109
Suppose 11 = 3*j + 2. Suppose -j*w = -20 + 5. Suppose -w*l + 5*u + 370 = 0, 3*u = -4*l + 2*u + 296. What are the prime factors of l?
2, 37
Suppose 43*z - 373259 = -42632. List the prime factors of z.
3, 11, 233
Let y be -1 - (1 + 2) - -8. Suppose w = y*h - 41, -5*h - 2*w + 0*w = -48. Suppose 4*u - 150 = h. List the prime factors of u.
2, 5
Let o(x) be the first derivative of 97*x**4/12 - x**2/2 - 15*x - 18. Let g(r) be the first derivative of o(r). List the prime factors of g(-1).
2, 3
Suppose -2*j = h + 2, 3 + 3 = 2*h - j. Let x(m) = -30 - 2*m**h + 21 + 2*m**2 + 7*m**2 + 3*m. List the prime factors of x(-4).
7, 13
Suppose -5*q = 5*v - 42360, 97*q = 5*v + 99*q - 42345. What are the prime factors of v?
8467
Let w(d) = 27*d + 28. Let g be (36/(-2))/(39/(-26)). What are the prime factors of w(g)?
2, 11
Let p be (-746)/3 - 4/(-6). Let h be 424 + 0 + 70/14. Let j = p + h. List the prime factors of j.
181
Let o(h) = h**2 + 12*h - 1. Let a be o(-12). Let v be (26 - 26)/(2 + a). Suppose -p + 3*k + 151 = v, -k = -2*p + 2*k + 311. List the prime factors of p.
2, 5
Let y = -33 + 33. Suppose y = -3*q + 4*n 